nder when r(-2) is divided by a(5)?
4
Suppose 2*s + 17 = 3*s. What is the remainder when s is divided by 10?
7
Suppose 2*j + 448 = 16*j. What is the remainder when j is divided by 5?
2
Suppose p = -5*d + 31, -4*p + 3*d + 31 = -3*p. What is the remainder when p is divided by 17?
14
Suppose -4*k + 7*v - 11*v + 172 = 0, -3*k - 4*v + 125 = 0. Calculate the remainder when k is divided by 12.
11
Suppose -n - 8 = -2*n. What is the remainder when 12 is divided by n?
4
Let d(q) = 8*q**2 + 30*q**2 - 21*q**2 + 61*q**2. What is the remainder when d(-1) is divided by 20?
18
Suppose -42 = -d - n, -4*d + 206 = d + 4*n. Let w = d - 26. What is the remainder when 45 is divided by w?
9
Suppose 2*c - 5 + 17 = -m, -10 = 5*c. What is the remainder when 79 is divided by 6/m*(-1 - 35)?
25
What is the remainder when 21 is divided by ((-4)/(-12) - 4)*-3?
10
Suppose 0 = -i, 7*h = 4*h - 4*i + 36. Calculate the remainder when 34 is divided by h.
10
Let d(w) = -w - 1. Let u be d(3). Suppose 0 = k - 2*k + 27. Let y = u + k. Calculate the remainder when y is divided by 12.
11
Let j = -39 - -52. What is the remainder when 76 is divided by j?
11
Let k = 32 + -14. What is the remainder when 66 is divided by k?
12
Let q = -20 - -36. Calculate the remainder when (-2)/((q/124)/(-2)) is divided by 17.
14
Let v(u) = 3*u**3 - u**2 + 4. Suppose 0 = -10*j + 5*j - 5*x + 25, 0 = -3*j + 5*x - 9. Calculate the remainder when 93 is divided by v(j).
21
What is the remainder when 46*(-1 + -3)/(-8) is divided by 15?
8
Let h = 48 + -29. What is the remainder when 37 is divided by h?
18
Let g(u) = -u**3 + 7*u**2 + 3*u - 1. Let r = -79 - -97. Calculate the remainder when g(6) is divided by r.
17
Suppose 3 = -3*u + 18. Suppose -4*w - u*z + 124 = -z, 4*z - 31 = -w. Let a = 7 + 9. Calculate the remainder when w is divided by a.
15
Let b = 8 - 8. Suppose b = s - 2*l - 17, -3*l + 33 = s + 4*s. Calculate the remainder when 25 is divided by s.
7
Let r = 36 + -21. What is the remainder when 74 is divided by r?
14
Suppose -4*h + 130 = f, -3*f + 380 = -0*f + 2*h. What is the remainder when f is divided by 32?
30
Suppose -4*g = -0*g - 96. What is the remainder when 89 + (-9)/(27/(-12)) is divided by g?
21
Let w(s) be the third derivative of s**4/12 - s**3/2 + 2*s**2. Calculate the remainder when 2 is divided by w(2).
0
Let o(k) = k**3 + 2*k**2 - k + 4. What is the remainder when o(2) is divided by 7?
4
Let p(o) = -o + 9. Let y be p(4). Suppose -7*z + 2*z - 5*n = -190, 0 = -4*z - y*n + 149. Calculate the remainder when z is divided by 14.
13
Let u = 46 - 36. Calculate the remainder when 35 is divided by u.
5
Let j = 9 - -4. Let m = 19 - j. Calculate the remainder when (-1)/(2/(-11))*2 is divided by m.
5
Calculate the remainder when 3*(3 - 28/(-3)) is divided by 19.
18
Let o = -77 - -137. Calculate the remainder when o is divided by 22.
16
Let o = -5 - -11. What is the remainder when 23 + 3*10/(-15) is divided by o?
3
Suppose 4*b - 19 = 3*i, 0 = 5*b + 8*i - 4*i - 16. What is the remainder when 6 is divided by b?
2
Let n(x) = -x**3 + 12*x**2 + 14*x + 1. Let i be n(13). What is the remainder when 13 is divided by 7/i - 7/(-2)?
1
Suppose -7 = -5*k + 18. Suppose 3*l = 2*q - 4*q + 242, k*q - 20 = 0. Calculate the remainder when l is divided by 20.
18
Let m = 35 + -16. What is the remainder when m is divided by 10?
9
Let u(z) = z**2 + 6*z - 10. What is the remainder when 116 is divided by u(4)?
26
Let k = -41 - -53. What is the remainder when 22 is divided by k?
10
Let g = 115 + -51. What is the remainder when g is divided by 34?
30
Let o = -8 + 6. Calculate the remainder when o + 51/3 + -1 is divided by (-1)/4 - 63/(-12).
4
Let g = -15 + 22. Calculate the remainder when (117/6)/(0 + (-18)/(-24)) is divided by g.
5
Suppose -368 = -0*h - 4*h. Let g = -41 + h. Suppose 0 = -5*p - 3*d + 61, 4*p = p + 3*d + g. Calculate the remainder when p is divided by 8.
6
Let s = -69 + 147. Calculate the remainder when s is divided by 20.
18
Let k(j) = -j**3 - j**2 + 3*j - 3. Let r(s) = -3 + 2*s + 0 + 4 - 2*s**2. Let y be r(2). Calculate the remainder when 17 is divided by k(y).
5
Let z be (5/((-5)/(-8)))/2. Let a be 17*z*1/(-2). Let x = a + 73. Calculate the remainder when x is divided by 14.
11
Let a = 84 - 58. What is the remainder when a is divided by 4?
2
Let u(j) = -j**2 - 3*j - 1. Let q(g) = -g**2 + 6*g - 4. Let h = -1 + 6. What is the remainder when u(-2) is divided by q(h)?
0
What is the remainder when 30 is divided by 6 - -2 - -1*3?
8
Suppose 0 = -3*k + 5*z - 30 + 160, 5*k - z = 202. Calculate the remainder when 158 is divided by k.
38
Let j = 12 - 2. Calculate the remainder when 27 is divided by j.
7
Let t(r) be the first derivative of 3*r**2 + 3*r + 2. Let k be t(-2). Calculate the remainder when 20 is divided by 0 - ((-6)/(-3) + k).
6
Let p(w) = -w + 5. Let o be p(0). Suppose -o*y = -10*y - 25. Calculate the remainder when 21 is divided by (55/(-2))/y*2.
10
Suppose 5*b - 78 = 52. What is the remainder when 103 is divided by b?
25
Let a = 10 - 8. Suppose 2*u = -3*q - a, -u + 6*u = -20. Suppose 0 = -4*h - q*t - t - 7, 5*h = -5*t - 15. What is the remainder when h is divided by 1?
0
Let n = -56 - -128. Suppose 5*q - 125 = -5*j, -3*q + 3*j - 5*j = -n. What is the remainder when 65 is divided by q?
21
Let m(j) = -12*j - 30. Calculate the remainder when m(-4) is divided by (-2)/(9/(-7) - -1).
4
Let p(f) = f**2 - 8*f - 9. Let i be p(9). Let g be (i/2 - 2)*-3. Suppose 0 = 2*o - 26 - g. Calculate the remainder when o is divided by 6.
4
Let m(o) = o**3 + 5*o**2 - 6*o + 1. Let y(c) = c**3 - 5*c**2 - c + 6. Let i be y(5). Calculate the remainder when i/7 - 39/(-21) is divided by m(-6).
0
Suppose v + 5*y = -0*v + 153, -2*v + 291 = 5*y. Suppose -v = 2*l - 5*l. What is the remainder when l is divided by 12?
10
Suppose 148 = h + 3*h. Calculate the remainder when h is divided by 3*(-2 + 38/6).
11
Suppose i + i - 40 = 0. Calculate the remainder when 57 is divided by i.
17
Suppose 7*v - 12 = 5*v. Calculate the remainder when 22 is divided by v.
4
Let n = 30 + -8. What is the remainder when 42 is divided by n?
20
Let t(i) = 2 + 4 - 4*i - 3 + 4*i**2. Let s(z) = 5*z**2 - 4*z + 4. Let u(v) = -5*s(v) + 6*t(v). Calculate the remainder when u(-3) is divided by 1.
0
Let b = -16 - -37. Let t = 32 - 21. Calculate the remainder when b is divided by t.
10
Let u = -14 + 22. Suppose -52 - 24 = 2*r. Let w = r + 61. Calculate the remainder when w is divided by u.
7
Let m = 3 - 8. Let v = -3 - m. What is the remainder when 3 is divided by v?
1
Let q = 11 - -4. Calculate the remainder when (-12)/(-4) + -2 + 57 is divided by q.
13
Let v = 0 + 1. Let g(i) = 54*i. Suppose 4*o = -u - 2, 2*u - o - 24 = 8. What is the remainder when g(v) is divided by u?
12
Suppose 6*t = t. Suppose t = 3*i - 6*i + 147. Calculate the remainder when i is divided by 13.
10
Suppose -2*d + 4*i + 12 = -8, d - 5*i - 19 = 0. Suppose 4*q - 76 = -5*k, 0*k + 68 = 4*k - d*q. What is the remainder when k is divided by 9?
7
Suppose -5*k - 231 = 269. Let p = k + 142. Suppose -4*w + p = -w. What is the remainder when 41 is divided by w?
13
Let b = 20 + -1. What is the remainder when 72 is divided by b?
15
Suppose 4*y + 2 = -l, -4*l + 8*l + 65 = 3*y. Let w = 16 + l. Calculate the remainder when 9 is divided by w.
1
Let m = 1 + 1. Suppose m*o = -0*o + 24. Calculate the remainder when 47 is divided by o.
11
Suppose 3*m + 205 = 5*i, 5*i - 218 = 5*m - 23. Calculate the remainder when i is divided by 15.
14
Suppose -b + 3*b - 7 = -5*k, 0 = b - 2*k - 26. Suppose -2*o + 27 + 35 = 0. Calculate the remainder when o is divided by b.
15
Let v = 0 - -5. Suppose z + 4*i - 22 = -z, -2*i - 43 = -v*z. Calculate the remainder when 35 is divided by z.
8
Let h(m) = -6*m - 31. Calculate the remainder when 12 is divided by h(-6).
2
Let q(t) = 7*t - 4. Let x be q(5). Let b = x + -20. Suppose -b - 109 = -5*s. Calculate the remainder when 71 is divided by s.
23
Let m = 1 - 1. Let y = 10 + -4. Let o = m + y. Calculate the remainder when 10 is divided by o.
4
Let b(l) = 26*l**2 + l. Let k = 42 - 29. What is the remainder when b(-1) is divided by k?
12
Let s = 6 + 2. Let q(n) = -6*n - 7. What is the remainder when q(-5) is divided by s?
7
Let m be (-105)/(-9) - 2/(-6). Suppose 3*n = m, -w - w - 5*n = -24. Let q(t) =